 -72. Is 28 a factor of x?
True
Suppose 0 = 4*j + 2*h - 10, j + 0*h - 4 = -2*h. Let n be ((-2)/j)/(3/(-9)). Suppose 4*w + n*r - 135 = 0, 5 = 5*r - 0*r. Does 17 divide w?
False
Let f(v) = 3*v + 18. Let p(y) = 4*y + 27. Let n(q) = 7*f(q) - 5*p(q). Let o be n(8). Does 12 divide ((-28)/(-8))/(o/(-8))?
False
Let f(u) = -4*u + 6. Does 18 divide f(-12)?
True
Suppose -57 = -3*q + 111. Does 9 divide q?
False
Let g(f) = -f**3 - 4*f**2 - 3*f - 2. Let h be g(-3). Let j be 3*((-58)/(-3) - h). Let t = -46 + j. Is t a multiple of 9?
True
Let d(g) be the first derivative of g**2/2 + 2*g + 1. Let j be d(3). Suppose j*h + 3 = 28. Does 3 divide h?
False
Let g(p) = -p**2 + 6*p + 7. Let f be g(6). Let h(i) = i**3 - 6*i**2 - 7*i + 2. Let o be h(f). Suppose o*z - 11 = 5. Is 4 a factor of z?
True
Suppose p - 3*q - 2 + 1 = 0, -4*p + 3*q = -13. Suppose -2*o + o + 96 = 0. Suppose 2*x = -p*w + 48, -2*x - 2*x = -3*w - o. Does 12 divide x?
True
Let z = 13 + -11. Suppose 0*a - 58 = -z*a. Is a a multiple of 8?
False
Let g = -27 - -46. Is g a multiple of 12?
False
Suppose -2*v = 5*q - 5*v - 46, 4*q + v = 30. Does 2 divide q?
True
Suppose -m + 72 = m. Suppose 2*l + 0*l = m. Is l a multiple of 6?
True
Let c be 12 - (0 + 1/1). Let t = c - -25. Is 13 a factor of t?
False
Let s(i) = -23*i + 44. Let m(v) = -8*v + 15. Let f(o) = -17*m(o) + 6*s(o). Let b(w) = 3*w + 5. Let p be b(-5). Is f(p) a multiple of 19?
False
Suppose c + 980 = -4*c. Let b be 6/(-30) - c/5. Let v = -21 + b. Does 7 divide v?
False
Suppose -2*k + 0*k + 6 = 0. Suppose 5*x = f - 29, -2*f + 4*x = k*f - 208. Is f a multiple of 12?
False
Let g be 24/(-9)*(-6)/4. Suppose -27 = -g*o + 45. Is 14 a factor of o?
False
Is 25 a factor of 6/3 + (0 - -381)/3?
False
Suppose 4*a + 5 = 1. Is (2/(-1))/a - -53 a multiple of 22?
False
Let h = 19 - -40. Is h a multiple of 47?
False
Let w = 15 + -5. Is w a multiple of 5?
True
Suppose 2*z + z - 180 = 0. Is 9 a factor of z?
False
Suppose -6*c + c + 270 = 0. Does 27 divide c?
True
Let w(y) = 6*y - 2. Does 28 divide w(10)?
False
Let y(c) = c**3 - 4*c**2 - 2*c + 3. Is y(6) a multiple of 21?
True
Let r be (-5)/15 + 2/6. Suppose r = -0*q - q + 10. Is q a multiple of 5?
True
Suppose -2*c + c = -28. Is 7 a factor of c?
True
Is 68 + 6 + -5 + -6 a multiple of 21?
True
Let r(o) = -o**3 + 9*o**2 - 9*o + 9. Let n be r(8). Is 6/(-9)*(-21)/n a multiple of 5?
False
Let x(q) = 5*q**2 - q. Let g be x(1). Suppose 0 = -g*f + 102 - 30. Is f a multiple of 7?
False
Suppose -5*c - s + 260 = 0, 6*s + 131 = 2*c + s. Suppose 0 = d + 7 - c. Is d a multiple of 13?
False
Let i(k) = 2*k**2 + 10*k - 19. Does 14 divide i(-9)?
False
Let j(c) = -2*c**2 - c + 50. Is j(0) a multiple of 7?
False
Let h(z) = z**2 + 4*z + 1. Let u be h(-3). Is 15 a factor of u/(-3) - (-174)/9?
False
Let z be 2*(0 + 3/2). Suppose -2*p = -t + z*t - 36, 2*t = 0. Does 6 divide p?
True
Let k(c) = -c**3 + 8*c**2 + 3*c - 5. Does 15 divide k(4)?
False
Is 25 a factor of 0 - -2 - -2 - -195?
False
Suppose -2*n - 568 = 5*y, -3*y + 5*n - 332 = 4*n. Is y/20*-1*5 a multiple of 14?
True
Let m = -3 + 3. Let h be (-2)/4*m - -20. Let o = -11 + h. Is o a multiple of 8?
False
Suppose 29 + 71 = -2*y. Let l = -6 - y. Is l a multiple of 22?
True
Suppose 5*c = 4*f - 2*f - 69, 4*c = -4*f + 68. Is f a multiple of 20?
False
Suppose 2*d = 3*k + 19, 2*k - 6*k + 12 = 0. Suppose -t = -3*t + d. Is t a multiple of 3?
False
Does 15 divide (-18)/(-6) - -19*2?
False
Let h = -28 - -100. Does 18 divide h?
True
Let w = 443 + -282. Is w a multiple of 15?
False
Is 27 a factor of (324/(-3))/(-4 - -3)?
True
Let m = 66 + 64. Does 11 divide m?
False
Suppose 7*n = 4*y + 4*n - 255, 4*y + 5*n = 247. Is 7 a factor of y?
True
Let f = 51 - 30. Suppose -12 - f = -3*d. Does 4 divide d?
False
Let l(f) = f**2 + 2. Let h(d) = d - 3. Let n(o) = 2*h(o) + 3*l(o). Is n(2) a multiple of 8?
True
Suppose -4*t + 9 - 1 = 0. Suppose 93 = 4*y + t*g + 15, 2*y - 45 = g. Does 12 divide y?
False
Is 8 a factor of 984/18 + 12/9?
True
Let a(m) = m**2 + 12*m - 3. Let j be a(-11). Let g = 14 - j. Is 14 a factor of g?
True
Let s = 0 - -8. Suppose 0*w = -2*w + s. Suppose w*h + h - 60 = 0. Does 12 divide h?
True
Suppose 2*x - 12*x = -80. Does 5 divide x?
False
Suppose -4*g - 12 = 4*n, 0 = -3*n - 0*g + 4*g + 19. Let d(k) be the third derivative of 5*k**5/12 - k**4/12 + k**3/6 - 4*k**2. Is d(n) a multiple of 9?
False
Let d = -41 - 67. Let p = -54 - d. Is 18 a factor of p?
True
Suppose -10*n = -5*n - 25. Is n a multiple of 3?
False
Suppose 0 = 4*k + 4, 5*s + 6*k + 20 = k. Let l = 3 + s. Suppose -3*p - 51 = -5*v - l*p, 2*v = -3*p + 12. Is 6 a factor of v?
False
Suppose 0*r = r + 3*o - 74, -2*o = -4*r + 240. Let c = r + -10. Does 26 divide c?
True
Suppose 4*n - 90 = -26. Does 16 divide n?
True
Let o(d) = d**3 + 5*d**2 - d - 6. Let h be o(-5). Does 8 divide 2/4*(h - -17)?
True
Let s = 258 + 60. Suppose 5*b + 3*x = s, -b - 3*x = -56 - 10. Is b a multiple of 23?
False
Let z = 1 + -1. Let m = 20 - 14. Let u = z + m. Is u a multiple of 4?
False
Does 2 divide (2/(10/25))/1?
False
Let v(g) = -g**3 - 9*g**2 + 6. Suppose b = -3*r - 22, 44 = -4*b - 0*r - r. Let q = b + 1. Is v(q) a multiple of 3?
True
Let s = 86 + -74. Is 2 a factor of s?
True
Let t(j) = j**2 + 7*j + 2. Suppose p = 4*g + 1, -p = -0*p + 5*g + 17. Let o be t(p). Is 12 a factor of 14 + (-4)/o*1?
True
Suppose 2*j + 5*o = -2*j + 32, 0 = -5*j - 5*o + 35. Suppose 344 = 7*d - j*d. Suppose -n - n - d = -3*c, -3*c + n = -88. Is 15 a factor of c?
True
Let w = 42 - 7. Suppose -s - 2*o + w = 13, -54 = -3*s - 2*o. Does 8 divide s?
True
Let g = 16 + 22. Is g a multiple of 18?
False
Let o be 232/(-10)*(-5)/2. Suppose -3*u = -2*h + 13, 2*h + 4*u - o = -10. Is 8 a factor of h?
False
Does 17 divide 0 + 4/(-8)*73*-2?
False
Let u(b) = -b**2 - 5*b + 8. Let h be u(-6). Suppose k - h*k = 20. Does 24 divide (192/k)/((-2)/10)?
True
Let a = -1 - -1. Suppose 2*j - 110 = 2*k, -4*k + a*k - 20 = 0. Is 14 a factor of j?
False
Let i = 264 + -136. Is 11 a factor of i?
False
Let y(x) = -10*x + 6. Let s(f) = 2*f - 1. Let b(a) = 14*s(a) + 3*y(a). Is b(-7) a multiple of 9?
True
Let u = 5 - 13. Let a be (-206)/u - (-2)/8. Let l = a - 7. Is l a multiple of 11?
False
Let q(z) = -31*z**3 + 2*z + 1. Is 5 a factor of q(-1)?
True
Suppose -9 = -0*o - 3*o. Suppose -o*m = -3*p + 105, -4*p + m = 2*m - 115. Is 6 a factor of p?
True
Let t = -20 + 22. Suppose -16 = -a + 5*r, t*a = -2*a + r + 83. Is 21 a factor of a?
True
Let d be (6 + -4)/(4/(-230)). Let q = d - -170. Is 16 a factor of q?
False
Let z(k) = k + 26. Suppose 4 = 4*c + 4*x, 5*c - 2*x + 2 = 7. Let b be 1*(2 - 2/c). Is 13 a factor of z(b)?
True
Let o = 273 - 128. Is 23 a factor of o?
False
Let u = -33 + 58. Suppose b - u = 20. Is 14 a factor of b?
False
Let f(u) be the third derivative of 5*u**4/24 - 2*u**2. Let k be f(4). Does 4 divide ((-12)/5)/((-6)/k)?
True
Let v(w) = -3*w**3 - w**2 + w + 1. Let x(o) = -10*o**3 - 2*o**2 + 3*o + 4. Let g(s) = 7*v(s) - 2*x(s). Is g(-4) a multiple of 7?
False
Suppose 0 = 3*s + 241 + 134. Is 14 a factor of s/(-3) + 3/9?
True
Suppose 18 = a + 2*p, -4*a + 6*a - 32 = -3*p. Let v be a/2*10 - 0. Suppose v = 4*x - 2*u, 0 = -0*x - x - u + 11. Does 6 divide x?
True
Suppose i - 13 - 48 = 0. Is 11 a factor of i?
False
Let y(k) be the third derivative of k**6/10 - k**4/24 + k**3/6 + 2*k**2. Is y(1) a multiple of 6?
True
Let z = -1 + 1. Let w = 0 - z. Suppose -m + 2 + 3 = w. Does 2 divide m?
False
Let u be (0/(-2) - -1)*0. Suppose u = -3*o - 2*o + 70. Is o a multiple of 7?
True
Let d(y) = y**2 - y + 24. Let h = 2 + -2. Is 12 a factor of d(h)?
True
Suppose n + 1 = 3*h - 2, 2 = -4*n + 2*h. Suppose 4*b - 12 + n = 0. Is 2 a factor of b?
False
Let s be -3 - -2 - (-4 - 1). Suppose -25 - 31 = -s*x. Suppose -4*n + 3 = -7*n, -g = 4*n - x. Does 9 divide g?
True
Let w be ((-32)/(-8))/(1 - 0). Suppose 4*m = -0*m - w*t + 72, 0 = m + 2*t - 18. Is m a multiple of 9?
True
Let y be (17 + 1)*10/30. Is (104/10)/(y/15) a multiple of 13?
True
Suppose -14 = -3*r + 4. Suppose -2*m = -r*m - j + 141, -99 = -3*m - 3*j. Suppose m = 3*v - v. Does 9 divide v?
True
Suppose -x + v + 18 = 0, -4 = 4*v - 12. Suppose -2*w - 2*w + x = 0. Suppose -w*u + 48 + 72 = 0. Is 12 a factor of u?
True
Let z be ((-4)/(16/(-12)))/1. Suppose -2*r + 360 = z*r. Does 18 divide r?
True
S